True
Is 6 a factor of 675?
False
Does 260 divide 4057?
False
Is 1286 a multiple of 33?
False
Does 16 divide 196?
False
Is 256 a factor of 5632?
True
Is 54 a multiple of 27?
True
Is 699 a multiple of 12?
False
Is 2 a factor of 985?
False
Does 9 divide 153?
True
Does 10 divide 499?
False
Does 38 divide 15355?
False
Does 5 divide 5152?
False
Does 7 divide 241?
False
Does 116 divide 1972?
True
Is 41 a factor of 990?
False
Is 13115 a multiple of 135?
False
Is 11242 a multiple of 11?
True
Is 250 a multiple of 4?
False
Does 17 divide 71868?
False
Does 74 divide 1110?
True
Is 44 a factor of 13684?
True
Is 15 a factor of 6507?
False
Does 6 divide 36?
True
Is 19 a factor of 380?
True
Does 68 divide 22372?
True
Is 5 a factor of 3800?
True
Is 155 a factor of 1860?
True
Is 1260 a multiple of 63?
True
Is 84 a multiple of 14?
True
Is 4 a factor of 212?
True
Is 1243 a multiple of 22?
False
Is 28 a factor of 560?
True
Is 19 a factor of 155?
False
Is 26 a factor of 7384?
True
Is 228 a multiple of 12?
True
Is 1260 a multiple of 90?
True
Is 651 a multiple of 93?
True
Does 7 divide 38867?
False
Does 11 divide 308?
True
Does 45 divide 4230?
True
Is 12137 a multiple of 24?
False
Is 138 a factor of 50508?
True
Does 148 divide 66922?
False
Is 4902 a multiple of 114?
True
Is 15 a factor of 1125?
True
Is 80 a multiple of 20?
True
Does 225 divide 76500?
True
Is 784 a multiple of 16?
True
Is 553 a multiple of 15?
False
Is 15 a factor of 453?
False
Does 40 divide 125?
False
Is 7630 a multiple of 19?
False
Is 220 a multiple of 16?
False
Is 30933 a multiple of 22?
False
Is 2925 a multiple of 5?
True
Does 41 divide 39928?
False
Does 55 divide 14487?
False
Is 385 a multiple of 5?
True
Does 18 divide 1923?
False
Is 20 a factor of 17392?
False
Does 18 divide 288?
True
Is 25 a factor of 6850?
True
Does 11 divide 1243?
True
Is 210 a multiple of 69?
False
Does 2 divide 1677?
False
Is 840 a multiple of 70?
True
Is 236 a multiple of 6?
False
Does 12 divide 44283?
False
Is 465 a multiple of 39?
False
Is 626 a multiple of 12?
False
Is 432 even?
True
Is 577 a multiple of 7?
False
Does 15 divide 720?
True
Is 12780 a multiple of 4?
True
Is 10115 a multiple of 79?
False
Is 19 a factor of 424?
False
Is 3096 a multiple of 7?
False
Is 42408 a multiple of 31?
True
Is 16 a factor of 566?
False
Is 17168 a multiple of 201?
False
Is 2607 a multiple of 45?
False
Is 361 a multiple of 19?
True
Does 5 divide 697?
False
Does 130 divide 2129?
False
Is 90942 a multiple of 138?
True
Is 1167 a multiple of 57?
False
Is 213 a factor of 14965?
False
Is 13 a factor of 1365?
True
Is 55 a multiple of 2?
False
Is 624 a multiple of 39?
True
Is 20 a factor of 440?
True
Is 2240 a multiple of 40?
True
Does 19 divide 2945?
True
Is 347 a factor of 43821?
False
Is 23 a factor of 2254?
True
Is 16 a factor of 972?
False
Is 3960 a multiple of 11?
True
Is 93 a factor of 51908?
False
Is 26342 a multiple of 221?
False
Does 34 divide 454?
False
Does 53 divide 1042?
False
Is 5337 a multiple of 9?
True
Is 80 a multiple of 3?
False
Is 12571 a multiple of 9?
False
Does 12 divide 60?
True
Does 8 divide 1624?
True
Is 22 a multiple of 2?
True
Is 145 a multiple of 29?
True
Is 67 a factor of 42191?
False
Is 14 a factor of 13880?
False
Is 624 a multiple of 9?
False
Does 36 divide 729?
False
Is 74 a factor of 21924?
False
Does 21 divide 1722?
True
Is 8450 a multiple of 65?
True
Is 8 a factor of 944?
True
Is 11 a factor of 348?
False
Is 13 a factor of 148?
False
Is 2184 a multiple of 52?
True
Is 58 a factor of 1392?
True
Does 21 divide 14826?
True
Is 27 a factor of 748?
False
Does 20 divide 1634?
False
Does 84 divide 5051?
False
Is 1516 a multiple of 15?
False
Is 103 a multiple of 51?
False
Is 48 a factor of 192?
True
Is 9 a factor of 6564?
False
Is 56 a factor of 17920?
True
Does 29 divide 2697?
True
Does 23 divide 1334?
True
Is 225 a factor of 14056?
False
Is 30 a factor of 10042?
False
Is 42 a factor of 798?
True
Does 3 divide 33409?
False
Does 2 divide 1041?
False
Does 19 divide 4351?
True
Does 19 divide 122?
False
Is 8 a factor of 688?
True
Is 858 a multiple of 13?
True
Does 60 divide 14490?
False
Does 31 divide 2883?
True
Is 1815 a multiple of 11?
True
Is 1584 a multiple of 36?
True
Is 828 a multiple of 4?
True
Is 6008 a multiple of 8?
True
Is 820 a multiple of 42?
False
Is 100 a factor of 5444?
False
Does 23 divide 286?
False
Is 38956 a multiple of 235?
False
Is 2 a factor of 25?
False
Does 2 divide 42?
True
Does 158 divide 798?
False
Does 30 divide 1117?
False
Is 10 a factor of 134?
False
Does 11 divide 333?
False
Is 401 a factor of 47318?
True
Is 33 a factor of 27456?
True
Does 14 divide 28952?
True
Does 54 divide 8694?
True
Does 16 divide 1549?
False
Is 540 a multiple of 25?
False
Is 59 a factor of 944?
True
Does 33 divide 4191?
True
Is 195 a multiple of 13?
True
Is 12 a factor of 1096?
False
Does 11 divide 85?
False
Is 7955 a multiple of 167?
False
Is 3233 a multiple of 61?
True
Does 59 divide 1016?
False
Is 1792 a multiple of 64?
True
Is 5875 a multiple of 25?
True
Does 58 divide 28976?
False
Does 17 divide 1411?
True
Is 127 a factor of 12573?
True
Is 24024 a multiple of 44?
True
Does 12 divide 6676?
False
Is 8460 a multiple of 13?
False
Is 624 a multiple of 78?
True
Is 1350 a multiple of 27?
True
Is 13 a factor of 26494?
True
Does 17 divide 1292?
True
Is 34 a factor of 105?
False
Is 2260 a multiple of 23?
False
Does 30 divide 16800?
True
Is 27 a factor of 3834?
True
Does 10 divide 10540?
True
Is 2175 a multiple of 79?
False
Is 63 a factor of 630?
True
Is 2772 a multiple of 20?
False
Does 99 divide 198?
True
Is 11448 a multiple of 27?
True
Is 17 a factor of 24701?
True
Is 23 a factor of 1426?
True
Is 310 a multiple of 10?
True
Is 20 a factor of 9920?
True
Does 5 divide 2032?
False
Is 3484 a multiple of 3?
False
Is 19448 a multiple of 143?
True
Is 611 a multiple of 47?
True
Is 8 a factor of 5776?
True
Does 57 divide 912?
True
Is 85 a factor of 25415?
True
Does 56 divide 22074?
False
Is 33909 a multiple of 89?
True
Does 11 divide 410?
False
Is 170 a multiple of 7?
False
Is 71 a factor of 25813?
False
Does 54 divide 15199?
False
Does 16 divide 544?
True
Does 95 divide 517?
False
Does 37 divide 111?
True
Does 73 divide 1773?
False
Does 23 divide 529?
True
Is 98 a multiple of 17?
False
Is 15349 a multiple of 44?
False
Is 2160 a multiple of 16?
True
Does 30 divide 763?
False
Is 56291 a multiple of 12?
False
Does 15 divide 5981?
False
Does 10 divide 360?
True
Is 235 a multiple of 5?
True
Is 55 a factor of 310?
False
Is 14 a factor of 17981?
False
Is 30 a factor of 67?
False
Is 1188 a multiple of 108?
True
Is 16 a factor of 16?
True
Is 80319 a multiple of 155?
False
Is 7473 a multiple of 20?
False
Does 19 divide 72030?
False
Does 11 divide 90?
False
Is 512 a multiple of 64?
True
Is 852 a multiple of 12?
True
Is 9 a factor of 3266?
False
Does 33 divide 7811?
False
Is 18 a factor of 340?
False
Is 17454 a multiple of 47?
False
Does 17 divide 3723?
True
Does 14 divide 3304?
True
Does 5 divide 498?
False
Is 62 a factor of 496?
True
Does 83 divide 35939?
True
Is 10 a factor of 600?
True
Is 984 a multiple of 41?
True
Does 14 divide 481?
False
Is 17 a factor of 19856?
True
Is 13 a factor of 28522?
True
Is 8732 a multiple of 74?
True
Is 104 a factor of 21840?
True
Is 106 a factor of 2061?
False
Is 5421 a multiple of 8?
False
Does 18 divide 6318?
True
Is 908 a multiple of 16?
False
Does 36 divide 11160?
True
Is 30 a factor of 774?
False
Is 1560 a multiple of 13?
True
Is 4 a factor of 48710?
False
Is 2577 a multiple of 2?
False
Is 1448 a multiple of 11?
False
Does 28 divide 16852?
False
Is 5 a factor of 10?
True
Is 483 a multiple of 45?
False
Does 22 divide 1692?
False
Is 1125 a multiple of 75?
True
Is 128 a factor of 8580?
False
Is 55 a factor of 1056?
False
Does 13 divide 14911?
True
Is 2879 a multiple of 51?
False
Is 68 a factor of 272?
True
Is 8 a factor of 4610?
False
Is 80 a multiple of 44?
False
Is 72 a multiple of 5?
False
Is 8431 a multiple of 174?
False
Is 26487 a multiple of 24?
False
Is 9 a factor of 3499?
False
Is 5007 a multiple of 9?
False
Does 10 divide 61684?
False
Is 7847 a multiple of 7?
True
Is 12 a factor of 22019?
False
Is 753 a multiple of 16?
False
Is 1908 a multiple of 12?
True
Is 1015 a multiple of 26?
False
Does 1